{"id":44,"date":"2021-11-02T16:00:58","date_gmt":"2021-11-02T15:00:58","guid":{"rendered":"https:\/\/carnet-de-bord.clementyziquel.fr\/?page_id=44"},"modified":"2021-11-09T21:36:15","modified_gmt":"2021-11-09T20:36:15","slug":"relations-professionnelles","status":"publish","type":"page","link":"https:\/\/carnet-de-bord.clementyziquel.fr\/?page_id=44","title":{"rendered":"Relations professionnelles"},"content":{"rendered":"<table>\n<tbody>\n<tr>\n<td>\n<p>J\u2019\u00e9tais en \u00e9quipe avec 2 personnes\u00a0: Mathieu et Nicolas. \u00c9tant donn\u00e9 que j\u2019\u00e9tais le seul \u00e0 avoir d\u00e9j\u00e0 travaill\u00e9 \u00e0 ce poste en 2020, j\u2019ai \u00e9t\u00e9 nomm\u00e9 chef d\u2019\u00e9quipe, ce r\u00f4le n\u2019est pas beaucoup plus compliqu\u00e9, mais il impose une plus grande vigilance. C\u2019est avec moi que Pauline, notre technicienne, communiquait pour nous donner les instructions que nous avions au jour le jour. C\u2019est \u00e9galement \u00e0 moi qu\u2019a \u00e9t\u00e9 confi\u00e9 le fourgon de pr\u00eat.<\/p>\n<h2>Avec mes coll\u00e8gues<\/h2>\n<p>Les relations avec mes coll\u00e8gues ont \u00e9t\u00e9 un peu compliqu\u00e9es au d\u00e9but car ils ont d\u00fb se d\u00e9brouiller \u00e0 2 lors des 2 premi\u00e8res semaines de r\u00e9coltes. En effet, je n\u2019avais pas encore termin\u00e9 les cours \u00e0 l\u2019ISEN et ils n\u2019ont pas manqu\u00e9 de me le reprocher lors de mon premier jour, ils n\u2019ont \u00e9galement pas appr\u00e9ci\u00e9 que je sois nomm\u00e9 chef d\u2019\u00e9quipe alors que je n\u2019\u00e9tais pas l\u00e0 au d\u00e9but. J\u2019ai cependant eu l\u2019occasion plusieurs fois par la suite de leur prouver que mon exp\u00e9rience l\u2019\u00e9t\u00e9 pass\u00e9 \u00e9tait tr\u00e8s utile. J\u2019ai pu r\u00e9soudre certaines pannes par moi-m\u00eame en pleine nuit ce qui nous a \u00e9vit\u00e9 d\u2019avoir \u00e0 attendre plus d\u2019une heure que notre m\u00e9canicien arrive, j\u2019ai aussi pu leur apprendre \u00e0 r\u00e9gler les machines pour r\u00e9colter de mani\u00e8re plus efficace. Le fait que mes 2 coll\u00e8gues soient plus \u00e2g\u00e9s que moi, ils avaient aussi un peu de mal \u00e0 accepter mes ordres au d\u00e9but, mais cela a vite chang\u00e9 et \u00e0 la fin de la saison notre relation s\u2019\u00e9tait vraiment am\u00e9lior\u00e9e.<\/p>\n<h2>Avec mes sup\u00e9rieurs<\/h2>\n<p>Mes relations avec mes sup\u00e9rieurs ont toujours \u00e9t\u00e9 bonnes. C\u2019est avec Ludovic notre m\u00e9canicien que j\u2019ai le plus interagi, cela fait maintenant 4 ans qu\u2019il travaille dans le service et ses conseils \u00e9taient toujours tr\u00e8s bons. Son r\u00f4le nous a \u00e9t\u00e9 indispensable, car gr\u00e2ce \u00e0 son exp\u00e9rience, il a pu nous conseiller nombre de fois sur les r\u00e9glages \u00e0 faire ou encore les routes \u00e0 emprunter. Nous le voyions quotidiennement et j\u2019ai vraiment eu l\u2019impression qu\u2019il appr\u00e9ciait travailler avec nous car nous \u00e9tions \u00e0 l\u2019\u00e9coute et tr\u00e8s pr\u00e9cautionneux avec le mat\u00e9riel.<\/p>\n<p>Avec Pauline, notre technicienne, nous avons eu beaucoup moins d\u2019interactions, nous la voyions en moyenne 2 fois par semaine et tout le reste se passait par t\u00e9l\u00e9phone ou SMS. C\u2019est d\u2019elle que venaient toutes les consignes \u00e0 suivre en lien avec la r\u00e9colte (quantit\u00e9s, d\u00e9lais). La majeure partie du temps nous parvenions \u00e0 suivre ses consignes mais il est parfois arriv\u00e9 que ce ne soit pas le cas. Plusieurs fois, elle a hauss\u00e9 la voix, car nous n\u2019arrivions pas \u00e0 tenir les d\u00e9lais. Or nous faisions tout pour y arriver mais c\u2019\u00e9tait parfois impossible \u00e0 cause d\u2019impr\u00e9vus ou tout simplement par manque de temps.<\/p>\n<h2>Avec les clients\/agriculteurs<\/h2>\n<p>Au cours de la saison, nous avons aussi pu rencontrer un nombre important d\u2019agriculteurs. J\u2019ai pu les classer selon diff\u00e9rents profils\u00a0: ceux qui vont suivre les machines \u00e0 la trace pour v\u00e9rifier que celle-ci r\u00e9colte bien et qui vont nous chercher des probl\u00e8mes l\u00e0 o\u00f9 il n\u2019y en a pas, et je comprends leur point de vue car ce sont plusieurs milliers d\u2019euros par champs qui sont en jeu mais nous avons parfois \u00e9t\u00e9 tr\u00e8s mal re\u00e7u. Et il y a ceux qui vont \u00eatre beaucoup plus sympathiques, cela ne veut pas dire qu\u2019ils ne v\u00e9rifient pas notre travail, mais c\u2019est fait de mani\u00e8re beaucoup moins stricte et avec plus de confiance, il arrive m\u00eame que certains nous proposent boissons ou en-cas. Nous avons \u00e9galement eu l\u2019occasion de nous faire inviter chez l\u2019un d\u2019entre eux pour un repas, ce que nous sommes autoris\u00e9s \u00e0 accepter si cela est rapide et que nous terminons \u00e0 temps de remplir les bennes.<\/p>\n<\/td>\n<\/tr>\n<\/tbody>\n<\/table>\n\n<table style=\"border-collapse: collapse; width: 100%;\">\n<tbody>\n<tr>\n<td style=\"width: 50%;\">\n<div class=\"wp-block-buttons is-content-justification-left is-layout-flex wp-block-buttons-is-layout-flex\">\n<div class=\"wp-block-button is-style-outline\"><a class=\"wp-block-button__link\" href=\"https:\/\/carnet-de-bord.clementyziquel.fr\/?page_id=2\">Page pr\u00e9c\u00e9dente: Les conditions de travail<\/a><\/div>\n<\/div>\n<\/td>\n<td style=\"width: 50%;\">\n<div class=\"wp-block-buttons is-content-justification-right is-layout-flex wp-block-buttons-is-layout-flex\">\n<div class=\"wp-block-button is-style-outline\"><a class=\"wp-block-button__link\" href=\"https:\/\/carnet-de-bord.clementyziquel.fr\/?page_id=46\">Page suivante: Analyse<\/a><\/div>\n<\/div>\n<\/td>\n<\/tr>\n<\/tbody>\n<\/table>\n<p><\/p>","protected":false},"excerpt":{"rendered":"<p>J\u2019\u00e9tais en \u00e9quipe avec 2 personnes\u00a0: Mathieu et Nicolas. \u00c9tant donn\u00e9 que j\u2019\u00e9tais le seul \u00e0 avoir d\u00e9j\u00e0 travaill\u00e9 \u00e0 ce poste en 2020, j\u2019ai \u00e9t\u00e9 nomm\u00e9 chef d\u2019\u00e9quipe, ce r\u00f4le n\u2019est pas beaucoup plus compliqu\u00e9, mais il impose une plus grande vigilance. C\u2019est avec moi que Pauline, notre technicienne, communiquait pour nous donner les &hellip; <\/p>\n<p class=\"link-more\"><a href=\"https:\/\/carnet-de-bord.clementyziquel.fr\/?page_id=44\" class=\"more-link\">Continuer la lecture<span class=\"screen-reader-text\"> de &laquo;&nbsp;Relations professionnelles&nbsp;&raquo;<\/span><\/a><\/p>\n","protected":false},"author":1,"featured_media":0,"parent":0,"menu_order":0,"comment_status":"closed","ping_status":"closed","template":"","meta":{"footnotes":""},"_links":{"self":[{"href":"https:\/\/carnet-de-bord.clementyziquel.fr\/index.php?rest_route=\/wp\/v2\/pages\/44"}],"collection":[{"href":"https:\/\/carnet-de-bord.clementyziquel.fr\/index.php?rest_route=\/wp\/v2\/pages"}],"about":[{"href":"https:\/\/carnet-de-bord.clementyziquel.fr\/index.php?rest_route=\/wp\/v2\/types\/page"}],"author":[{"embeddable":true,"href":"https:\/\/carnet-de-bord.clementyziquel.fr\/index.php?rest_route=\/wp\/v2\/users\/1"}],"replies":[{"embeddable":true,"href":"https:\/\/carnet-de-bord.clementyziquel.fr\/index.php?rest_route=%2Fwp%2Fv2%2Fcomments&post=44"}],"version-history":[{"count":15,"href":"https:\/\/carnet-de-bord.clementyziquel.fr\/index.php?rest_route=\/wp\/v2\/pages\/44\/revisions"}],"predecessor-version":[{"id":290,"href":"https:\/\/carnet-de-bord.clementyziquel.fr\/index.php?rest_route=\/wp\/v2\/pages\/44\/revisions\/290"}],"wp:attachment":[{"href":"https:\/\/carnet-de-bord.clementyziquel.fr\/index.php?rest_route=%2Fwp%2Fv2%2Fmedia&parent=44"}],"curies":[{"name":"wp","href":"https:\/\/api.w.org\/{rel}","templated":true}]}}